e ((-10)/(-9)*-3)/(15/(-18)). Let p(a) = -3*a**2 - a + 4. Give p(c).
-48
Let l(p) be the third derivative of -p**6/120 - p**5/6 + p**4/24 + p**3 + 21531*p**2. Suppose 4*a = a + 5*u - 45, 4*a = -3*u - 31. Determine l(a).
-4
Let w(t) be the first derivative of 1/4*t**4 + 1/2*t**2 - 18*t + 158 - 6*t**3. What is w(18)?
0
Suppose 41*i = 37*i - 5*d - 76, -2*d - 34 = 2*i. Let n(b) = 2*b**2 + 13*b - 30. What is n(i)?
15
Suppose -197*l - 44*l = 0. Let d(n) be the second derivative of 1/2*n**2 - 1/3*n**3 + 8*n + l + 0*n**4 + 1/20*n**5. Calculate d(2).
5
Let r(w) = 10*w + 1. Suppose -2*g = -7*g - 3*s - 2197, -2*g + 2*s - 882 = 0. Let i = -442 - g. Give r(i).
-19
Let a(t) = t**3 + 3*t**2 - 17*t + 7. Let b = 5772 + -5778. Give a(b).
1
Let t(m) = -44*m + 22. Let x = 13572 - 13569. Calculate t(x).
-110
Let u(r) = -10*r + 2*r**2 - r**2 - 4*r**2 - 3*r**3 + 9*r**2 + 10. Let m(n) = n**3 + 2*n - 1. Let y(h) = 4*m(h) + u(h). What is y(-6)?
18
Let j(g) be the first derivative of -g**3/3 - 7*g**2/2 + 3*g + 11. Let s be j(-7). Let f(o) = 4 - o**2 + o + 0*o + 2*o - 1. What is f(s)?
3
Let h(b) = -b - 16. Suppose -6 = -5*i + 2*i. Suppose -6 = i*n - 3*n. Let y(k) = -k - 15. Let v(f) = n*h(f) - 7*y(f). What is v(0)?
9
Let j(w) = -w**2 + 13*w - 17. Let k be 516/18 + 1/3. Suppose 5*n - 4*v - 24 = k, 0 = 3*n - 5*v - 24. Give j(n).
-17
Let p be 4/2*((-5)/20 - (-28)/(-16)). Let u(t) = -2*t**2 + 5*t - 2. Give u(p).
-54
Let d(s) = 217*s + 14*s**3 + 6*s**2 - 13*s**3 - 3 - 211*s. Give d(-5).
-8
Let w(u) = -2*u**2 - 94*u + 1143. Let n be w(10). Let d(k) = -7*k**2 + 4*k - 12. Calculate d(n).
-63
Let p(l) = l**2 - l - 2. Let u be p(-2). Let n = -13 + 17. Let t(g) = -5 - 6*g + g**2 + 4*g + n. What is t(u)?
7
Let d(q) = -12512*q + 25015*q - 12504*q + 4 + 5. Suppose 0 = 2*y - 2*b - b - 37, b - 6 = -y. What is d(y)?
-2
Let n(p) = p**2 - 2*p + 74. Let w(t) = -2*t**2 - 27*t - 295. Let f(c) = 3*n(c) + w(c). Determine f(35).
-3
Let b = -5 + 6. Let n(u) be the first derivative of -3*u**3/2 + u**2/2 - 22*u + 23. Let d(k) be the first derivative of n(k). Determine d(b).
-8
Suppose -417*j = -408*j. Let b(d) = d**2 - 2*d + 5. Calculate b(j).
5
Suppose 5*h - 58 = 2*u - 23, 21 = 3*h + 3*u. Let y(j) = -22*j + 155. Calculate y(h).
1
Let l(p) = -251*p + 52. Let x(a) = 1422*a - 312. Let f(s) = 17*l(s) + 3*x(s). Give f(0).
-52
Suppose -43*d - 6786 = -34*d. Let u = 744 + d. Let j(t) = t. Give j(u).
-10
Let t(j) = 470 + 497 + 471 - 7*j - 1411 + 21*j. What is t(-4)?
-29
Suppose 8*c - 36 = 2*c. Suppose 4*y - 20 = 4*w, -4*y - w + 19 = 4. Let j be y/c - (-16)/(-6) - 0. Let z(v) = -3*v - 3. Calculate z(j).
3
Let k(h) = -h + 1. Let u(w) = w**3 + 7*w**2 - 4*w. Let x(a) = 6*k(a) + u(a). Let s be 740/(-90) - ((-8)/(-9))/(-4). What is x(s)?
22
Let s be 6 - (-12)/(-24)*12. Let m(i) = 3*i**2 - 2*i. Determine m(s).
0
Let f be ((1180/(-2))/5)/(-1). Let o = f - 124. Let z(i) = i**2 + 4*i + 5. Give z(o).
17
Let n(u) = u**3 + 3*u**2 + 9*u + 7. Let k(v) = 2*v**3 + 5*v**2 + 17*v + 13. Let q(i) = 4*i**2 - 29*i + 19. Let f be q(6). Let b(z) = f*n(z) + 6*k(z). Give b(3).
10
Let m(l) = l**3 + 12*l**2 - 3*l - 32. Suppose 4*w + 26 = v - 24, -5*v = 5*w + 50. Let d be m(w). Let c(y) = -11*y - 12*y + 25*y + d. Calculate c(-5).
-6
Let m(b) be the first derivative of b**4/2 + 2*b**3 - b**2/2 + 7*b + 2479. Calculate m(-3).
10
Let h(n) = -n**3 + 6*n**2 + 11*n + 7. Suppose -4*q = -4*c + c - 146, 5*c = 2*q - 80. Suppose 25 = 5*k - 3*r, 13*r - q = -5*k + 14*r. Give h(k).
-33
Suppose -293*n = -y - 296*n, 4*n = -3*y - 15. Let a(h) = 0 + 3*h - 4*h - 10. Calculate a(y).
-1
Let v(r) = 3*r**3 - 9*r**2 + 8*r + 1. Suppose -5*p + 7 - 1 = -4. What is v(p)?
5
Let t be (-1)/(-1)*(81/18 + 0)*-2. Let n(l) = -l**3 - 8*l**2 - 167*l + 175*l + 0*l**3. Determine n(t).
9
Let l(x) be the first derivative of -20*x + 1/2*x**2 - 1/3*x**3 + 162. Give l(0).
-20
Let n(q) = -3*q**2 + 13*q - 22. Let z(y) = y**2 - y + 6. Let a(r) = n(r) + 2*z(r). What is a(10)?
0
Let c(n) be the first derivative of -5*n**3 - 3*n**2/2 + 3*n + 443. Give c(1).
-15
Let l(b) = -5 - 3*b**2 + 7428*b - 7421*b - 11*b**2 + 8*b**2 + b**3. Let s(d) = -d**3 - 11*d**2 - 10*d + 6. Let c be s(-10). Determine l(c).
37
Let i = 144 - 109. Let z be (-4)/(-18) - (-5 - i/45). Let o(f) = 3*f - 3*f - f. Determine o(z).
-6
Let m(x) = -59*x**3 - 46*x**2 + 37*x + 99. Let u(p) = 128*p**3 + 92*p**2 - 73*p - 200. Let z(b) = 13*m(b) + 6*u(b). Calculate z(45).
-3
Let o(n) = n**2 - 12*n. Let z(v) = -3*v**2 + 8*v - 76. Let f(r) = -2*o(r) - z(r). What is f(-7)?
13
Suppose -3*r = -2*h, -2*r - 2*h + 5*h = -5. Let b be r - (3 - (-1 + 5)) - -2. Suppose y = -3, 0*k + 3*y = 5*k + b. Let a(i) = -7*i**2 - 2*i. Calculate a(k).
-24
Let h be -5 + (-78)/(-18) + (-56)/(-18)*-3. Let y(n) = -n**3 - 11*n**2 - 10*n - 18. What is y(h)?
-18
Let q(j) = 4*j - 6. Let r be q(2). Suppose 0 = 3*s, r*z - 3*s = 4*z - 6. Suppose 3 = 3*c + 3*h, 2*h - 2 = z*c + 2*c. Let i(f) = -f**2 + f + 9. Calculate i(c).
9
Let h(u) = -5*u + 41. Let o = 7 + -18. Let j(v) = -32 - 29 - 33 + v + 86. Let i(b) = o*j(b) - 2*h(b). What is i(0)?
6
Let d(y) = 7*y + 2. Let h(c) be the third derivative of 11*c**4/24 - c**2 + 257*c. Let s(u) = 3*d(u) - 2*h(u). Give s(14).
-8
Let g(i) = 42*i**2 + i - 25. Let o(m) = 134*m**2 + 2*m - 82. Let n(t) = 16*g(t) - 5*o(t). Give n(6).
118
Let t(d) = -d**3 - d**2 - d - 1. Let m(n) = 4*n + 2. Let u be m(0). Suppose -3 = -2*w + 5, 4*x = -u*w. Determine t(x).
5
Let y(p) = -4*p**2 + 53*p + 4. Let f(a) = -5*a**2 + 43*a + 3. Let q(m) = -4*f(m) + 3*y(m). Calculate q(2).
6
Let y(g) = -39*g**2 - 25*g + 26. Let w be y(1). Let b(z) = z**3 + 37*z**2 - 39*z - 35. Calculate b(w).
3
Let k(m) = m - 1. Suppose -36*w + 396*w - 2658 = 2382. What is k(w)?
13
Let c = 5 - 3. Let y(n) = 20*n**3 - n**2 - 53*n - 2. Let d(w) = -7*w**3 + 19*w + 1. Let u(k) = -11*d(k) - 4*y(k). Determine u(c).
-5
Let b(s) = -s**2 + 5. Let g be b(4). Let h(f) = -2*f + 13. Let x(m) = -6*m + 45. Let o(v) = 7*h(v) - 2*x(v). Determine o(g).
23
Suppose 2*a - m - 4 = 0, 3*a - 617 = -3*m - 665. Let z(t) = 6*t**3 + 3*t**2 + t - 4. Let y(h) = 5*h**3 + 3*h**2 + h - 4. Let c(n) = -5*y(n) + 4*z(n). Give c(a).
24
Let p(z) = -40 - 17167*z**2 - 17165*z**2 + 34346*z**2 + 643*z. What is p(-46)?
6
Let b(c) = -3*c + 5. Let z be b(-7). Suppose -44 = 2*y - z. Let u be (12/10)/(0 - y/(-30)). Let p(l) = -l**2 - 4*l - 1. Calculate p(u).
-1
Let s(u) be the second derivative of u**5/20 + 3*u**4/4 + 10*u**3/3 + 37*u**2/2 + 257*u. Let b be s(-7). Let v(k) = -k**3 - 7*k**2 - 5*k + 1. Calculate v(b).
-24
Let s(m) = -m - 2. Let b be s(-6). Let o(u) be the second derivative of -u**5/20 + 5*u**4/12 - u**3/2 - 2*u**2 - 3108*u. What is o(b)?
0
Let p(y) = y**2 - 7*y - 8. Let m be 0 - (-6 + 4 + 6/(-2)). Suppose 7*t - 13 = 3*t + 5*c, 4*c - 47 = -m*t. Calculate p(t).
-8
Let h(l) be the second derivative of -1/20*l**5 - 2*l + 0 + 0*l**3 - 3/4*l**4 - l**2. Let v = 3120 - 3129. What is h(v)?
-2
Let d = -31 + 64. Let w = d + -33. Suppose g + 24 - 24 = w. Let p(u) = u**2 - u + 7. Determine p(g).
7
Suppose 3*d - 56 = -4*d. Let w = 49 + -43. Let s(a) = 4 - 14 + w + a. Give s(d).
4
Let n(y) = -y**2 + 3*y + 1. Suppose 8 = -m + 4*m - 2*o, m - 4*o = -4. Let k be 8 - ((-2)/1)/(-1). Suppose a + 7 + k = 3*w, 4*a - m*w = -12. Give n(a).
3
Let f(n) be the first derivative of -3*n**4/4 - n**3/3 - n**2 - n - 67. Let a be f(-1). Let y(c) = -c - 3. What is y(a)?
-6
Let p(z) = -15*z + 11. Let o(h) = -5*h + 4. Let a(v) = 41*v**2 - v - 2. Let y be a(-1). Let f = 29 - y. Let c(t) = f*o(t) + 4*p(t). Give c(-1).
5
Suppose 5*s + 4*p + 60 = 0, -3*p + 6 = -s - 6. Let m = -802 + 807. Let n = m + s. Let q(b) = -b - 9. Give q(n).
-2
Suppose -4*b + 5*k = -29, 2*b - k - 1 = 6*b. Let p(f) = 20*f - 91. Let q(h) = -79*h + 379. Let w(r) = -25*p(r) - 6*q(r). What is w(b)?
-25
Let j(a) = -a**3 + 25*a**2 - 47*a + 2. Suppose 24933 - 25347 = -18*w. Give j(w).
-21
Suppose 0 = -2*j - 2, 2*m + 12 = -0*m + 2*j. Let s(z) be the first derivative of z**2 + 7*z + 5326. What is s(m)?
-7
Let q(a) = -a**3 + 14*a**2 + 16*a - 20. Let g be q(15). Let r be (-1)/(-3)*(-5 + 29). Let c(z) = -14 + z + 23 - r. Give c(g).
-4
Let x(p) = -11*p + 20. Let k(i) = 5*i - 10. Let w(g) = 13*k(g) + 6*x(g). Let j(l) = l**3 - 24*l**2 + 110*l - 20. Let d be j(6). Give w(d).
-2
Suppose 42*q =